{"id":139,"date":"2026-03-26T17:08:58","date_gmt":"2026-03-26T16:08:58","guid":{"rendered":"https:\/\/www.lesecuriesdesparcs.fr\/?page_id=139"},"modified":"2026-03-26T19:19:56","modified_gmt":"2026-03-26T18:19:56","slug":"lequipe-du-centre-equestre","status":"publish","type":"page","link":"https:\/\/www.lesecuriesdesparcs.fr\/?page_id=139","title":{"rendered":"L&rsquo;\u00e9quipe du centre \u00e9questre"},"content":{"rendered":"\n<div class=\"wp-block-group has-global-padding is-layout-constrained wp-block-group-is-layout-constrained\">\n<p>Notre \u00e9quipe se compose de professionnels dipl\u00f4m\u00e9s ayant une grande exp\u00e9rience de l&rsquo;enseignement \u00e9questre.<\/p>\n<\/div>\n\n\n\n<div class=\"wp-block-group has-global-padding is-layout-constrained wp-block-group-is-layout-constrained\">\n<div class=\"wp-block-group is-layout-flow wp-block-group-is-layout-flow\">\n<div style=\"height:32px\" aria-hidden=\"true\" class=\"wp-block-spacer\"><\/div>\n\n\n\n<div class=\"wp-block-columns is-layout-flex wp-container-core-columns-is-layout-28f84493 wp-block-columns-is-layout-flex\">\n<div class=\"wp-block-column is-style-default is-layout-flow wp-block-column-is-layout-flow\" style=\"border-style:none;border-width:0px;padding-top:0;padding-right:0;padding-bottom:0;padding-left:0\">\n<figure class=\"wp-block-image size-full\"><img loading=\"lazy\" decoding=\"async\" width=\"909\" height=\"1155\" src=\"https:\/\/www.lesecuriesdesparcs.fr\/wp-content\/uploads\/2026\/03\/silhouette-femme.jpg\" alt=\"Silhouette femme\" class=\"wp-image-143\" srcset=\"https:\/\/www.lesecuriesdesparcs.fr\/wp-content\/uploads\/2026\/03\/silhouette-femme.jpg 909w, https:\/\/www.lesecuriesdesparcs.fr\/wp-content\/uploads\/2026\/03\/silhouette-femme-236x300.jpg 236w, https:\/\/www.lesecuriesdesparcs.fr\/wp-content\/uploads\/2026\/03\/silhouette-femme-806x1024.jpg 806w, https:\/\/www.lesecuriesdesparcs.fr\/wp-content\/uploads\/2026\/03\/silhouette-femme-768x976.jpg 768w, https:\/\/www.lesecuriesdesparcs.fr\/wp-content\/uploads\/2026\/03\/silhouette-femme-441x560.jpg 441w, https:\/\/www.lesecuriesdesparcs.fr\/wp-content\/uploads\/2026\/03\/silhouette-femme-600x762.jpg 600w\" sizes=\"auto, (max-width: 909px) 100vw, 909px\" \/><\/figure>\n\n\n\n<h2 class=\"wp-block-heading\">Maria<\/h2>\n\n\n\n<p>G\u00e9rante \/ propri\u00e9taire<\/p>\n\n\n\n<p>Elle insuffle cet esprit convivial et chaleureux aux \u00e9curies.<\/p>\n\n\n\n<ul class=\"wp-block-social-links has-icon-color is-style-logos-only is-layout-flex wp-block-social-links-is-layout-flex\"><\/ul>\n<\/div>\n\n\n\n<div class=\"wp-block-column is-style-default is-layout-flow wp-block-column-is-layout-flow\" style=\"border-style:none;border-width:0px;padding-top:0;padding-right:0;padding-bottom:0;padding-left:0\">\n<figure class=\"wp-block-image size-full\"><img loading=\"lazy\" decoding=\"async\" width=\"909\" height=\"1155\" src=\"https:\/\/www.lesecuriesdesparcs.fr\/wp-content\/uploads\/2026\/03\/silhouette-femme.jpg\" alt=\"Silhouette femme\" class=\"wp-image-143\" srcset=\"https:\/\/www.lesecuriesdesparcs.fr\/wp-content\/uploads\/2026\/03\/silhouette-femme.jpg 909w, https:\/\/www.lesecuriesdesparcs.fr\/wp-content\/uploads\/2026\/03\/silhouette-femme-236x300.jpg 236w, https:\/\/www.lesecuriesdesparcs.fr\/wp-content\/uploads\/2026\/03\/silhouette-femme-806x1024.jpg 806w, https:\/\/www.lesecuriesdesparcs.fr\/wp-content\/uploads\/2026\/03\/silhouette-femme-768x976.jpg 768w, https:\/\/www.lesecuriesdesparcs.fr\/wp-content\/uploads\/2026\/03\/silhouette-femme-441x560.jpg 441w, https:\/\/www.lesecuriesdesparcs.fr\/wp-content\/uploads\/2026\/03\/silhouette-femme-600x762.jpg 600w\" sizes=\"auto, (max-width: 909px) 100vw, 909px\" \/><\/figure>\n\n\n\n<h2 class=\"wp-block-heading\">La\u00efna<\/h2>\n\n\n\n<p>Enseignante dipl\u00f4m\u00e9e d&rsquo;\u00e9tat<\/p>\n\n\n\n<p>Responsable des cours chevaux.<\/p>\n\n\n\n<ul class=\"wp-block-social-links has-icon-color is-style-logos-only is-layout-flex wp-block-social-links-is-layout-flex\"><\/ul>\n<\/div>\n\n\n\n<div class=\"wp-block-column is-style-default is-layout-flow wp-block-column-is-layout-flow\" style=\"border-style:none;border-width:0px;padding-top:0;padding-right:0;padding-bottom:0;padding-left:0\">\n<figure class=\"wp-block-image size-full\"><img loading=\"lazy\" decoding=\"async\" width=\"909\" height=\"1155\" src=\"https:\/\/www.lesecuriesdesparcs.fr\/wp-content\/uploads\/2026\/03\/silhouette-homme.jpg\" alt=\"Silhouette homme\" class=\"wp-image-144\" srcset=\"https:\/\/www.lesecuriesdesparcs.fr\/wp-content\/uploads\/2026\/03\/silhouette-homme.jpg 909w, https:\/\/www.lesecuriesdesparcs.fr\/wp-content\/uploads\/2026\/03\/silhouette-homme-236x300.jpg 236w, https:\/\/www.lesecuriesdesparcs.fr\/wp-content\/uploads\/2026\/03\/silhouette-homme-806x1024.jpg 806w, https:\/\/www.lesecuriesdesparcs.fr\/wp-content\/uploads\/2026\/03\/silhouette-homme-768x976.jpg 768w, https:\/\/www.lesecuriesdesparcs.fr\/wp-content\/uploads\/2026\/03\/silhouette-homme-441x560.jpg 441w, https:\/\/www.lesecuriesdesparcs.fr\/wp-content\/uploads\/2026\/03\/silhouette-homme-600x762.jpg 600w\" sizes=\"auto, (max-width: 909px) 100vw, 909px\" \/><\/figure>\n\n\n\n<h2 class=\"wp-block-heading\">Math\u00e9o<\/h2>\n\n\n\n<p>\u00c9l\u00e8ve enseignant<\/p>\n\n\n\n<p>Dynamique, volontaire et sympathique.<\/p>\n<\/div>\n<\/div>\n\n\n\n<div style=\"height:100px\" aria-hidden=\"true\" class=\"wp-block-spacer\"><\/div>\n\n\n\n<div class=\"wp-block-columns is-layout-flex wp-container-core-columns-is-layout-28f84493 wp-block-columns-is-layout-flex\">\n<div class=\"wp-block-column is-style-default is-layout-flow wp-block-column-is-layout-flow\" style=\"border-style:none;border-width:0px;padding-top:0;padding-right:0;padding-bottom:0;padding-left:0\">\n<figure class=\"wp-block-image size-full\"><img loading=\"lazy\" decoding=\"async\" width=\"909\" height=\"1155\" src=\"https:\/\/www.lesecuriesdesparcs.fr\/wp-content\/uploads\/2026\/03\/silhouette-femme.jpg\" alt=\"Silhouette femme\" class=\"wp-image-143\" srcset=\"https:\/\/www.lesecuriesdesparcs.fr\/wp-content\/uploads\/2026\/03\/silhouette-femme.jpg 909w, https:\/\/www.lesecuriesdesparcs.fr\/wp-content\/uploads\/2026\/03\/silhouette-femme-236x300.jpg 236w, https:\/\/www.lesecuriesdesparcs.fr\/wp-content\/uploads\/2026\/03\/silhouette-femme-806x1024.jpg 806w, https:\/\/www.lesecuriesdesparcs.fr\/wp-content\/uploads\/2026\/03\/silhouette-femme-768x976.jpg 768w, https:\/\/www.lesecuriesdesparcs.fr\/wp-content\/uploads\/2026\/03\/silhouette-femme-441x560.jpg 441w, https:\/\/www.lesecuriesdesparcs.fr\/wp-content\/uploads\/2026\/03\/silhouette-femme-600x762.jpg 600w\" sizes=\"auto, (max-width: 909px) 100vw, 909px\" \/><\/figure>\n\n\n\n<h2 class=\"wp-block-heading\">Nathalie<\/h2>\n\n\n\n<p>Enseignante dipl\u00f4m\u00e9e d&rsquo;\u00e9tat<\/p>\n\n\n\n<p>Responsable des cours poneys.<\/p>\n\n\n\n<ul class=\"wp-block-social-links has-icon-color is-style-logos-only is-layout-flex wp-block-social-links-is-layout-flex\"><\/ul>\n<\/div>\n\n\n\n<div class=\"wp-block-column is-style-default is-layout-flow wp-block-column-is-layout-flow\" style=\"border-style:none;border-width:0px;padding-top:0;padding-right:0;padding-bottom:0;padding-left:0\">\n<figure class=\"wp-block-image size-full\"><img loading=\"lazy\" decoding=\"async\" width=\"909\" height=\"1155\" src=\"https:\/\/www.lesecuriesdesparcs.fr\/wp-content\/uploads\/2026\/03\/silhouette-homme-et-femme.jpg\" alt=\"Silhouette homme et femme\" class=\"wp-image-146\" srcset=\"https:\/\/www.lesecuriesdesparcs.fr\/wp-content\/uploads\/2026\/03\/silhouette-homme-et-femme.jpg 909w, https:\/\/www.lesecuriesdesparcs.fr\/wp-content\/uploads\/2026\/03\/silhouette-homme-et-femme-236x300.jpg 236w, https:\/\/www.lesecuriesdesparcs.fr\/wp-content\/uploads\/2026\/03\/silhouette-homme-et-femme-806x1024.jpg 806w, https:\/\/www.lesecuriesdesparcs.fr\/wp-content\/uploads\/2026\/03\/silhouette-homme-et-femme-768x976.jpg 768w, https:\/\/www.lesecuriesdesparcs.fr\/wp-content\/uploads\/2026\/03\/silhouette-homme-et-femme-441x560.jpg 441w, https:\/\/www.lesecuriesdesparcs.fr\/wp-content\/uploads\/2026\/03\/silhouette-homme-et-femme-600x762.jpg 600w\" sizes=\"auto, (max-width: 909px) 100vw, 909px\" \/><\/figure>\n\n\n\n<h2 class=\"wp-block-heading\">Yohann et Alisson<\/h2>\n\n\n\n<p>Responsable<\/p>\n\n\n\n<p>Des soins aux chevaux et gestion des \u00e9curies.<\/p>\n\n\n\n<ul class=\"wp-block-social-links has-icon-color is-style-logos-only is-layout-flex wp-block-social-links-is-layout-flex\"><\/ul>\n<\/div>\n\n\n\n<div class=\"wp-block-column is-style-default is-layout-flow wp-block-column-is-layout-flow\" style=\"border-style:none;border-width:0px;padding-top:0;padding-right:0;padding-bottom:0;padding-left:0\">\n<figure class=\"wp-block-image size-full\"><img loading=\"lazy\" decoding=\"async\" width=\"909\" height=\"1155\" src=\"https:\/\/www.lesecuriesdesparcs.fr\/wp-content\/uploads\/2026\/03\/silhouette-femme.jpg\" alt=\"Silhouette femme\" class=\"wp-image-143\" srcset=\"https:\/\/www.lesecuriesdesparcs.fr\/wp-content\/uploads\/2026\/03\/silhouette-femme.jpg 909w, https:\/\/www.lesecuriesdesparcs.fr\/wp-content\/uploads\/2026\/03\/silhouette-femme-236x300.jpg 236w, https:\/\/www.lesecuriesdesparcs.fr\/wp-content\/uploads\/2026\/03\/silhouette-femme-806x1024.jpg 806w, https:\/\/www.lesecuriesdesparcs.fr\/wp-content\/uploads\/2026\/03\/silhouette-femme-768x976.jpg 768w, https:\/\/www.lesecuriesdesparcs.fr\/wp-content\/uploads\/2026\/03\/silhouette-femme-441x560.jpg 441w, https:\/\/www.lesecuriesdesparcs.fr\/wp-content\/uploads\/2026\/03\/silhouette-femme-600x762.jpg 600w\" sizes=\"auto, (max-width: 909px) 100vw, 909px\" \/><\/figure>\n\n\n\n<h2 class=\"wp-block-heading\">Tina<\/h2>\n\n\n\n<p>Agent de s\u00e9curit\u00e9<\/p>\n\n\n\n<p>Pour la s\u00e9curit\u00e9 de toutes et tous.<\/p>\n\n\n\n<ul class=\"wp-block-social-links has-icon-color is-style-logos-only is-layout-flex wp-block-social-links-is-layout-flex\"><\/ul>\n<\/div>\n<\/div>\n<\/div>\n\n\n\n<div style=\"height:82px\" aria-hidden=\"true\" class=\"wp-block-spacer\"><\/div>\n<\/div>\n","protected":false},"excerpt":{"rendered":"<p>Notre \u00e9quipe se compose de professionnels dipl\u00f4m\u00e9s ayant une grande exp\u00e9rience de l&rsquo;enseignement \u00e9questre. Maria G\u00e9rante \/ propri\u00e9taire Elle insuffle cet esprit convivial et chaleureux aux \u00e9curies. La\u00efna Enseignante dipl\u00f4m\u00e9e d&rsquo;\u00e9tat Responsable des cours chevaux. Math\u00e9o \u00c9l\u00e8ve enseignant Dynamique, volontaire et sympathique. Nathalie Enseignante dipl\u00f4m\u00e9e d&rsquo;\u00e9tat Responsable des cours poneys. [&hellip;]<\/p>\n","protected":false},"author":1,"featured_media":140,"parent":0,"menu_order":0,"comment_status":"closed","ping_status":"closed","template":"","meta":{"inspiro_page_layout":"narrow","inspiro_hide_title":false,"footnotes":""},"class_list":["post-139","page","type-page","status-publish","has-post-thumbnail","hentry"],"_links":{"self":[{"href":"https:\/\/www.lesecuriesdesparcs.fr\/index.php?rest_route=\/wp\/v2\/pages\/139","targetHints":{"allow":["GET"]}}],"collection":[{"href":"https:\/\/www.lesecuriesdesparcs.fr\/index.php?rest_route=\/wp\/v2\/pages"}],"about":[{"href":"https:\/\/www.lesecuriesdesparcs.fr\/index.php?rest_route=\/wp\/v2\/types\/page"}],"author":[{"embeddable":true,"href":"https:\/\/www.lesecuriesdesparcs.fr\/index.php?rest_route=\/wp\/v2\/users\/1"}],"replies":[{"embeddable":true,"href":"https:\/\/www.lesecuriesdesparcs.fr\/index.php?rest_route=%2Fwp%2Fv2%2Fcomments&post=139"}],"version-history":[{"count":2,"href":"https:\/\/www.lesecuriesdesparcs.fr\/index.php?rest_route=\/wp\/v2\/pages\/139\/revisions"}],"predecessor-version":[{"id":147,"href":"https:\/\/www.lesecuriesdesparcs.fr\/index.php?rest_route=\/wp\/v2\/pages\/139\/revisions\/147"}],"wp:featuredmedia":[{"embeddable":true,"href":"https:\/\/www.lesecuriesdesparcs.fr\/index.php?rest_route=\/wp\/v2\/media\/140"}],"wp:attachment":[{"href":"https:\/\/www.lesecuriesdesparcs.fr\/index.php?rest_route=%2Fwp%2Fv2%2Fmedia&parent=139"}],"curies":[{"name":"wp","href":"https:\/\/api.w.org\/{rel}","templated":true}]}}