{"id":173,"date":"2026-03-27T11:11:27","date_gmt":"2026-03-27T10:11:27","guid":{"rendered":"https:\/\/www.lesecuriesdesparcs.fr\/?page_id=173"},"modified":"2026-03-30T14:29:04","modified_gmt":"2026-03-30T12:29:04","slug":"ecurie-de-proprietaires-2","status":"publish","type":"page","link":"https:\/\/www.lesecuriesdesparcs.fr\/?page_id=173","title":{"rendered":"\u00c9curie de propri\u00e9taires"},"content":{"rendered":"\n<p>Les \u00c9curies des Parcs proposent aux propri\u00e9taires de chevaux des prestation de qualit\u00e9s. Le soin, la qualit\u00e9 de service et le bien \u00eatre animal sont nos pr\u00e9occupations au quotidien pour vous offrir le meilleur. <\/p>\n\n\n\n<div class=\"wp-block-group is-nowrap is-layout-flex wp-container-core-group-is-layout-6c531013 wp-block-group-is-layout-flex\">\n<div class=\"wp-block-columns is-layout-flex wp-container-core-columns-is-layout-28f84493 wp-block-columns-is-layout-flex\">\n<div class=\"wp-block-column is-layout-flow wp-block-column-is-layout-flow\">\n<p>Une cinquantaine de box sont pr\u00e9vus pour les chevaux de propri\u00e9taires. Est inclus dans le prix de la pension :<\/p>\n\n\n\n<ul class=\"wp-block-list\">\n<li>La liti\u00e8re : paille ou copeaux.<\/li>\n\n\n\n<li>Trois repas (fibres et\/ou granul\u00e9s) par jour<\/li>\n\n\n\n<li>Deux repas de foin par jour.<\/li>\n\n\n\n<li>Sortie quotidienne au paddock (herbe d\u2019avril \u00e0 novembre et en sable l\u2019hiver) du lundi au vendredi.<\/li>\n\n\n\n<li>Acc\u00e8s \u00e0 une sellerie priv\u00e9e.<\/li>\n\n\n\n<li>Acc\u00e8s \u00e0 l\u2019ensemble des infrastructures tous les jours de l\u2019ann\u00e9e.<\/li>\n<\/ul>\n<\/div>\n\n\n\n<div class=\"wp-block-column is-layout-flow wp-block-column-is-layout-flow\">\n<figure class=\"wp-block-image size-large\"><img loading=\"lazy\" decoding=\"async\" width=\"1024\" height=\"680\" src=\"https:\/\/www.lesecuriesdesparcs.fr\/wp-content\/uploads\/2026\/03\/cheval-box-02-copie-1024x680.jpg\" alt=\"Un cheval dans son box\" class=\"wp-image-175\" style=\"object-fit:cover\" srcset=\"https:\/\/www.lesecuriesdesparcs.fr\/wp-content\/uploads\/2026\/03\/cheval-box-02-copie-1024x680.jpg 1024w, https:\/\/www.lesecuriesdesparcs.fr\/wp-content\/uploads\/2026\/03\/cheval-box-02-copie-300x199.jpg 300w, https:\/\/www.lesecuriesdesparcs.fr\/wp-content\/uploads\/2026\/03\/cheval-box-02-copie-768x510.jpg 768w, https:\/\/www.lesecuriesdesparcs.fr\/wp-content\/uploads\/2026\/03\/cheval-box-02-copie-1536x1019.jpg 1536w, https:\/\/www.lesecuriesdesparcs.fr\/wp-content\/uploads\/2026\/03\/cheval-box-02-copie-2048x1359.jpg 2048w, https:\/\/www.lesecuriesdesparcs.fr\/wp-content\/uploads\/2026\/03\/cheval-box-02-copie-2000x1327.jpg 2000w, https:\/\/www.lesecuriesdesparcs.fr\/wp-content\/uploads\/2026\/03\/cheval-box-02-copie-1000x664.jpg 1000w, https:\/\/www.lesecuriesdesparcs.fr\/wp-content\/uploads\/2026\/03\/cheval-box-02-copie-1800x1194.jpg 1800w, https:\/\/www.lesecuriesdesparcs.fr\/wp-content\/uploads\/2026\/03\/cheval-box-02-copie-844x560.jpg 844w, https:\/\/www.lesecuriesdesparcs.fr\/wp-content\/uploads\/2026\/03\/cheval-box-02-copie-600x398.jpg 600w\" sizes=\"auto, (max-width: 1024px) 100vw, 1024px\" \/><\/figure>\n<\/div>\n<\/div>\n<\/div>\n\n\n\n<hr class=\"wp-block-separator has-alpha-channel-opacity is-style-wide\" style=\"margin-top:var(--wp--preset--spacing--small);margin-bottom:var(--wp--preset--spacing--small)\"\/>\n\n\n\n<div class=\"wp-block-group is-nowrap is-layout-flex wp-container-core-group-is-layout-6c531013 wp-block-group-is-layout-flex\">\n<div class=\"wp-block-columns is-layout-flex wp-container-core-columns-is-layout-28f84493 wp-block-columns-is-layout-flex\">\n<div class=\"wp-block-column is-layout-flow wp-block-column-is-layout-flow\">\n<figure class=\"wp-block-image size-large\"><img loading=\"lazy\" decoding=\"async\" width=\"1024\" height=\"533\" src=\"https:\/\/www.lesecuriesdesparcs.fr\/wp-content\/uploads\/2026\/03\/Banniere01-1024x533.jpg\" alt=\"Le museau du cheval\" class=\"wp-image-22\" style=\"object-fit:cover\" srcset=\"https:\/\/www.lesecuriesdesparcs.fr\/wp-content\/uploads\/2026\/03\/Banniere01-1024x533.jpg 1024w, https:\/\/www.lesecuriesdesparcs.fr\/wp-content\/uploads\/2026\/03\/Banniere01-300x156.jpg 300w, https:\/\/www.lesecuriesdesparcs.fr\/wp-content\/uploads\/2026\/03\/Banniere01-768x400.jpg 768w, https:\/\/www.lesecuriesdesparcs.fr\/wp-content\/uploads\/2026\/03\/Banniere01-1536x800.jpg 1536w, https:\/\/www.lesecuriesdesparcs.fr\/wp-content\/uploads\/2026\/03\/Banniere01-2048x1067.jpg 2048w, https:\/\/www.lesecuriesdesparcs.fr\/wp-content\/uploads\/2026\/03\/Banniere01-2000x1042.jpg 2000w, https:\/\/www.lesecuriesdesparcs.fr\/wp-content\/uploads\/2026\/03\/Banniere01-1000x521.jpg 1000w, https:\/\/www.lesecuriesdesparcs.fr\/wp-content\/uploads\/2026\/03\/Banniere01-1800x938.jpg 1800w, https:\/\/www.lesecuriesdesparcs.fr\/wp-content\/uploads\/2026\/03\/Banniere01-1075x560.jpg 1075w, https:\/\/www.lesecuriesdesparcs.fr\/wp-content\/uploads\/2026\/03\/Banniere01-600x313.jpg 600w\" sizes=\"auto, (max-width: 1024px) 100vw, 1024px\" \/><\/figure>\n<\/div>\n\n\n\n<div class=\"wp-block-column is-layout-flow wp-block-column-is-layout-flow\">\n<h2 class=\"wp-block-heading\">Possibilit\u00e9s<\/h2>\n\n\n\n<p>En plus de la pension, les chevaux de propri\u00e9taire peuvent \u00eatre mis au travail aux \u00e9curies : longe et\/ou travail mont\u00e9 par les enseignants.<\/p>\n<\/div>\n<\/div>\n<\/div>\n\n\n\n<div style=\"height:100px\" aria-hidden=\"true\" class=\"wp-block-spacer\"><\/div>\n\n\n\n<div class=\"wp-block-cover alignfull has-parallax\" style=\"min-height:400px;aspect-ratio:unset;\"><div role=\"img\" aria-label=\"Serrage de la selle\" class=\"wp-block-cover__image-background wp-image-276 size-full has-parallax\" style=\"background-position:50% 50%;background-image:url(https:\/\/www.lesecuriesdesparcs.fr\/wp-content\/uploads\/2026\/03\/sangle-selle.jpg)\"><\/div><span aria-hidden=\"true\" class=\"wp-block-cover__background has-background-dim-0 has-background-dim\" style=\"background-color:#6c665b\"><\/span><div class=\"wp-block-cover__inner-container is-layout-flow wp-block-cover-is-layout-flow\">\n<p class=\"has-text-align-center has-large-font-size\"><\/p>\n<\/div><\/div>\n","protected":false},"excerpt":{"rendered":"<p>Les \u00c9curies des Parcs proposent aux propri\u00e9taires de chevaux des prestation de qualit\u00e9s. Le soin, la qualit\u00e9 de service et le bien \u00eatre animal sont nos pr\u00e9occupations au quotidien pour vous offrir le meilleur. Une cinquantaine de box sont pr\u00e9vus pour les chevaux de propri\u00e9taires. Est inclus dans le prix [&hellip;]<\/p>\n","protected":false},"author":1,"featured_media":122,"parent":0,"menu_order":0,"comment_status":"closed","ping_status":"closed","template":"","meta":{"inspiro_page_layout":"narrow","inspiro_hide_title":false,"footnotes":""},"class_list":["post-173","page","type-page","status-publish","has-post-thumbnail","hentry"],"_links":{"self":[{"href":"https:\/\/www.lesecuriesdesparcs.fr\/index.php?rest_route=\/wp\/v2\/pages\/173","targetHints":{"allow":["GET"]}}],"collection":[{"href":"https:\/\/www.lesecuriesdesparcs.fr\/index.php?rest_route=\/wp\/v2\/pages"}],"about":[{"href":"https:\/\/www.lesecuriesdesparcs.fr\/index.php?rest_route=\/wp\/v2\/types\/page"}],"author":[{"embeddable":true,"href":"https:\/\/www.lesecuriesdesparcs.fr\/index.php?rest_route=\/wp\/v2\/users\/1"}],"replies":[{"embeddable":true,"href":"https:\/\/www.lesecuriesdesparcs.fr\/index.php?rest_route=%2Fwp%2Fv2%2Fcomments&post=173"}],"version-history":[{"count":5,"href":"https:\/\/www.lesecuriesdesparcs.fr\/index.php?rest_route=\/wp\/v2\/pages\/173\/revisions"}],"predecessor-version":[{"id":279,"href":"https:\/\/www.lesecuriesdesparcs.fr\/index.php?rest_route=\/wp\/v2\/pages\/173\/revisions\/279"}],"wp:featuredmedia":[{"embeddable":true,"href":"https:\/\/www.lesecuriesdesparcs.fr\/index.php?rest_route=\/wp\/v2\/media\/122"}],"wp:attachment":[{"href":"https:\/\/www.lesecuriesdesparcs.fr\/index.php?rest_route=%2Fwp%2Fv2%2Fmedia&parent=173"}],"curies":[{"name":"wp","href":"https:\/\/api.w.org\/{rel}","templated":true}]}}