{"id":179,"date":"2026-03-27T11:23:37","date_gmt":"2026-03-27T10:23:37","guid":{"rendered":"https:\/\/www.lesecuriesdesparcs.fr\/?page_id=179"},"modified":"2026-03-30T14:39:49","modified_gmt":"2026-03-30T12:39:49","slug":"les-balades","status":"publish","type":"page","link":"https:\/\/www.lesecuriesdesparcs.fr\/?page_id=179","title":{"rendered":"Les balades"},"content":{"rendered":"\n<p>Nous proposons des balades \u00e0 tous nos cavaliers de tous niveaux : cheval ou poney.  <\/p>\n\n\n\n<div class=\"wp-block-columns is-layout-flex wp-container-core-columns-is-layout-28f84493 wp-block-columns-is-layout-flex\">\n<div class=\"wp-block-column is-layout-flow wp-block-column-is-layout-flow\" style=\"flex-basis:33.33%\">\n<figure class=\"wp-block-image aligncenter size-large\"><img loading=\"lazy\" decoding=\"async\" width=\"684\" height=\"1024\" src=\"https:\/\/www.lesecuriesdesparcs.fr\/wp-content\/uploads\/2026\/03\/DSC0128-copie-684x1024.jpg\" alt=\"Balade cheval sur la plage\" class=\"wp-image-180\" srcset=\"https:\/\/www.lesecuriesdesparcs.fr\/wp-content\/uploads\/2026\/03\/DSC0128-copie-684x1024.jpg 684w, https:\/\/www.lesecuriesdesparcs.fr\/wp-content\/uploads\/2026\/03\/DSC0128-copie-200x300.jpg 200w, https:\/\/www.lesecuriesdesparcs.fr\/wp-content\/uploads\/2026\/03\/DSC0128-copie-768x1150.jpg 768w, https:\/\/www.lesecuriesdesparcs.fr\/wp-content\/uploads\/2026\/03\/DSC0128-copie-1025x1536.jpg 1025w, https:\/\/www.lesecuriesdesparcs.fr\/wp-content\/uploads\/2026\/03\/DSC0128-copie-1367x2048.jpg 1367w, https:\/\/www.lesecuriesdesparcs.fr\/wp-content\/uploads\/2026\/03\/DSC0128-copie-1000x1498.jpg 1000w, https:\/\/www.lesecuriesdesparcs.fr\/wp-content\/uploads\/2026\/03\/DSC0128-copie-374x560.jpg 374w, https:\/\/www.lesecuriesdesparcs.fr\/wp-content\/uploads\/2026\/03\/DSC0128-copie-600x899.jpg 600w, https:\/\/www.lesecuriesdesparcs.fr\/wp-content\/uploads\/2026\/03\/DSC0128-copie.jpg 1669w\" sizes=\"auto, (max-width: 684px) 100vw, 684px\" \/><\/figure>\n<\/div>\n\n\n\n<div class=\"wp-block-column is-layout-flow wp-block-column-is-layout-flow\" style=\"flex-basis:66.66%\">\n<h2 class=\"wp-block-heading\">Balade campagne<\/h2>\n\n\n\n<p>Au d\u00e9part des \u00e9curies des balades dans la campagne environnante sont propos\u00e9es d\u00e8s le niveau d\u00e9butant. <\/p>\n\n\n\n<p>Baby d\u00e9couverte pour les enfants d\u00e8s 3 ans : nous consulter pour plus de renseignement : 07 78 46 43 99<\/p>\n\n\n\n<h2 class=\"wp-block-heading\">Balade plage<\/h2>\n\n\n\n<p>L\u2019\u00e9t\u00e9, des balades sur la plage de La Baule sont \u00e9galement possible pour les cavaliers \u00e0 partir du niveau Galop 4 (valid\u00e9 au pr\u00e8s de la FFE), selon les marr\u00e9es et la r\u00e9glementation municipale en vigueur.<\/p>\n<\/div>\n<\/div>\n\n\n\n<div class=\"wp-block-cover alignfull has-parallax\" style=\"min-height:400px;aspect-ratio:unset;\"><div role=\"img\" aria-label=\"Balade en poney sur la plage\" class=\"wp-block-cover__image-background wp-image-163 size-full has-parallax\" style=\"background-position:50% 50%;background-image:url(https:\/\/www.lesecuriesdesparcs.fr\/wp-content\/uploads\/2026\/03\/DSC0151-copie.jpg)\"><\/div><span aria-hidden=\"true\" class=\"wp-block-cover__background has-background-dim-0 has-background-dim\" style=\"background-color:#676567\"><\/span><div class=\"wp-block-cover__inner-container is-layout-flow wp-block-cover-is-layout-flow\">\n<p class=\"has-text-align-center has-large-font-size\"><\/p>\n<\/div><\/div>\n","protected":false},"excerpt":{"rendered":"<p>Nous proposons des balades \u00e0 tous nos cavaliers de tous niveaux : cheval ou poney. Balade campagne Au d\u00e9part des \u00e9curies des balades dans la campagne environnante sont propos\u00e9es d\u00e8s le niveau d\u00e9butant. Baby d\u00e9couverte pour les enfants d\u00e8s 3 ans : nous consulter pour plus de renseignement : 07 [&hellip;]<\/p>\n","protected":false},"author":1,"featured_media":0,"parent":0,"menu_order":0,"comment_status":"closed","ping_status":"closed","template":"","meta":{"inspiro_page_layout":"narrow","inspiro_hide_title":false,"footnotes":""},"class_list":["post-179","page","type-page","status-publish","hentry"],"_links":{"self":[{"href":"https:\/\/www.lesecuriesdesparcs.fr\/index.php?rest_route=\/wp\/v2\/pages\/179","targetHints":{"allow":["GET"]}}],"collection":[{"href":"https:\/\/www.lesecuriesdesparcs.fr\/index.php?rest_route=\/wp\/v2\/pages"}],"about":[{"href":"https:\/\/www.lesecuriesdesparcs.fr\/index.php?rest_route=\/wp\/v2\/types\/page"}],"author":[{"embeddable":true,"href":"https:\/\/www.lesecuriesdesparcs.fr\/index.php?rest_route=\/wp\/v2\/users\/1"}],"replies":[{"embeddable":true,"href":"https:\/\/www.lesecuriesdesparcs.fr\/index.php?rest_route=%2Fwp%2Fv2%2Fcomments&post=179"}],"version-history":[{"count":3,"href":"https:\/\/www.lesecuriesdesparcs.fr\/index.php?rest_route=\/wp\/v2\/pages\/179\/revisions"}],"predecessor-version":[{"id":286,"href":"https:\/\/www.lesecuriesdesparcs.fr\/index.php?rest_route=\/wp\/v2\/pages\/179\/revisions\/286"}],"wp:attachment":[{"href":"https:\/\/www.lesecuriesdesparcs.fr\/index.php?rest_route=%2Fwp%2Fv2%2Fmedia&parent=179"}],"curies":[{"name":"wp","href":"https:\/\/api.w.org\/{rel}","templated":true}]}}